s of 2007923963.
1321, 1520003
What are the prime factors of 271129195?
5, 54225839
What are the prime factors of 835083357?
3, 47, 5922577
List the prime factors of 283618908.
2, 3, 101, 107
List the prime factors of 65954519.
179, 229, 1609
What are the prime factors of 148890387?
3, 3709, 13381
What are the prime factors of 55172363?
113, 349, 1399
List the prime factors of 55008071.
877, 62723
List the prime factors of 3969976030.
2, 5, 396997603
What are the prime factors of 4431375131?
29, 251, 608789
List the prime factors of 33006002.
2, 19, 29, 61, 491
What are the prime factors of 169105031?
31, 71, 76831
What are the prime factors of 1154170374?
2, 3, 7, 27480247
List the prime factors of 729011108.
2, 7, 149, 197, 887
List the prime factors of 3167301231.
3, 61, 1923073
List the prime factors of 108344371.
108344371
List the prime factors of 12136525.
5, 23, 21107
What are the prime factors of 469978676?
2, 117494669
List the prime factors of 84983675.
5, 7, 19, 61, 419
What are the prime factors of 2015030357?
17117, 117721
What are the prime factors of 110599048?
2, 7, 1974983
What are the prime factors of 102862067?
7, 11, 19, 70309
What are the prime factors of 32088691?
41, 53, 14767
List the prime factors of 91715122.
2, 23, 53, 37619
What are the prime factors of 45180112?
2, 113, 24989
List the prime factors of 372914454.
2, 3, 11, 5650219
List the prime factors of 39518395.
5, 7, 139, 8123
What are the prime factors of 82629230?
2, 5, 43, 192161
What are the prime factors of 2003814966?
2, 3, 71, 4703791
List the prime factors of 57087926.
2, 7, 31, 199, 661
What are the prime factors of 352025219?
7, 13, 43, 89963
What are the prime factors of 1193094136?
2, 13, 17, 674827
List the prime factors of 502936231.
7, 71848033
What are the prime factors of 12331179?
3, 7, 195733
What are the prime factors of 24411806?
2, 12205903
What are the prime factors of 256898988?
2, 3, 7136083
What are the prime factors of 143655228?
2, 3, 53, 25097
What are the prime factors of 8530267?
271, 31477
What are the prime factors of 867032820?
2, 3, 5, 4816849
What are the prime factors of 40149475?
5, 1605979
What are the prime factors of 395897373?
3, 31, 37, 38351
List the prime factors of 2634709400.
2, 5, 13173547
List the prime factors of 1085870018.
2, 542935009
What are the prime factors of 274836473?
197, 1395109
What are the prime factors of 30290043?
3, 7, 47, 30689
What are the prime factors of 95605551?
3, 3191, 3329
What are the prime factors of 29500696?
2, 229, 16103
What are the prime factors of 201480977?
201480977
List the prime factors of 437943187.
11, 53, 751189
List the prime factors of 1977352408.
2, 53, 127, 36721
List the prime factors of 18688741.
367, 50923
What are the prime factors of 164026792?
2, 20503349
What are the prime factors of 3817665103?
7, 41, 3323, 4003
List the prime factors of 83933286.
2, 3, 1427, 9803
What are the prime factors of 573379299?
3, 3463, 18397
List the prime factors of 5657994.
2, 3, 61, 5153
What are the prime factors of 874829143?
874829143
What are the prime factors of 104306933?
104306933
What are the prime factors of 27849375?
3, 5, 4951
What are the prime factors of 5381611013?
953, 5647021
List the prime factors of 2500806676.
2, 19, 601, 54751
What are the prime factors of 156006265?
5, 3581, 8713
List the prime factors of 21791243.
787, 27689
What are the prime factors of 44329685?
5, 619, 14323
What are the prime factors of 136189266?
2, 3, 277, 81943
What are the prime factors of 1265515036?
2, 4483, 70573
What are the prime factors of 726373114?
2, 43, 8446199
What are the prime factors of 995342386?
2, 3463, 143711
What are the prime factors of 715820299?
61, 2081, 5639
What are the prime factors of 74342855?
5, 1951, 7621
List the prime factors of 1001178597.
3, 37, 71, 127037
What are the prime factors of 2599625083?
11, 463, 467, 1093
What are the prime factors of 2032089727?
211, 9630757
What are the prime factors of 313287036?
2, 3, 2749, 9497
List the prime factors of 643793642.
2, 321896821
What are the prime factors of 96283203?
3, 19, 883, 1913
What are the prime factors of 17354716?
2, 1013, 4283
List the prime factors of 347035746.
2, 3, 67, 457, 1889
What are the prime factors of 229025014?
2, 223, 513509
List the prime factors of 4289877876.
2, 3, 53, 67, 100673
List the prime factors of 722492759.
722492759
List the prime factors of 3005649469.
97, 1511, 20507
List the prime factors of 90598120.
2, 5, 31, 73063
List the prime factors of 46059877.
46059877
What are the prime factors of 19766308?
2, 17, 19, 15299
What are the prime factors of 485472428?
2, 7, 353, 49117
What are the prime factors of 37183936?
2, 283, 2053
What are the prime factors of 40459738?
2, 11, 15199
What are the prime factors of 834662843?
7, 119237549
List the prime factors of 46484033.
1249, 37217
What are the prime factors of 78654377?
78654377
List the prime factors of 9267669.
3, 17, 61, 331
What are the prime factors of 116943086?
2, 13, 23, 167, 1171
What are the prime factors of 1662157457?
15319, 108503
List the prime factors of 1165618168.
2, 11, 13, 92627
List the prime factors of 100414573.
7, 23, 139, 641
List the prime factors of 337112218.
2, 1013, 166393
List the prime factors of 148911296.
2, 17, 83, 97
List the prime factors of 2538478130.
2, 5, 223, 281, 4051
List the prime factors of 24653769.
3, 7, 23, 51043
What are the prime factors of 712122318?
2, 3, 19, 29, 3779
What are the prime factors of 2339857437?
3, 89, 8763511
List the prime factors of 985656357.
3, 7, 37, 15661
List the prime factors of 1804181292.
2, 3, 29, 47, 83, 443
List the prime factors of 1712821629.
3, 6899, 82757
What are the prime factors of 118167018?
2, 3, 19694503
What are the prime factors of 12512493?
3, 7, 17, 1669
What are the prime factors of 1307993688?
2, 3, 18166579
What are the prime factors of 2675989749?
3, 103, 8660161
What are the prime factors of 898059074?
2, 11, 101, 404167
List the prime factors of 700930769.
7, 11, 9102997
What are the prime factors of 62839473?
3, 23, 71, 101, 127
List the prime factors of 1330980056.
2, 7, 29, 59, 479
List the prime factors of 44840170.
2, 5, 1153, 3889
List the prime factors of 51167023.
419, 122117
List the prime factors of 6554850867.
3, 163, 1697, 2633
List the prime factors of 258037370.
2, 5, 25803737
What are the prime factors of 924158868?
2, 3, 77013239
List the prime factors of 957386889.
3, 29, 499, 7351
What are the prime factors of 9974423?
37, 269579
List the prime factors of 470023813.
7, 617, 108827
List the prime factors of 268148655.
3, 5, 103, 57853
What are the prime factors of 830644582?
2, 17, 24430723
List the prime factors of 46453728.
2, 3, 89, 5437
List the prime factors of 12177162.
2, 3, 225503
List the prime factors of 38458968.
2, 3, 829, 1933
List the prime factors of 378917034.
2, 3, 53, 1191563
List the prime factors of 163509065.
5, 79, 181, 2287
What are the prime factors of 2463826832?
2, 153989177
What are the prime factors of 38775141?
3, 31, 47, 2957
What are the prime factors of 4355665?
5, 79, 11027
List the prime factors of 304993468.
2, 13, 5865259
What are the prime factors of 38579808?
2, 3, 79, 5087
What are the prime factors of 1146033270?
2, 3, 5, 12733703
List the prime factors of 5170463638.
2, 2585231819
List the prime factors of 3012338531.
1033, 2916107
What are the prime factors of 4881237938?
2, 79, 137, 225503
What are the prime factors of 93020642?
2, 11, 13, 127, 197
List the prime factors of 484582086.
2, 3, 26921227
What are the prime factors of 820076315?
5, 67, 97, 25237
List the prime factors of 9088975858.
2, 41, 347, 319427
List the prime factors of 922884721.
11, 83898611
List the prime factors of 852443073.
3, 94715897
What are the prime factors of 41358051?
3, 7, 167, 3931
List the prime factors of 48115677.
3, 757, 21187
What are the prime factors of 398334786?
2, 3, 17, 179, 21817
List the prime factors of 68022693.
3, 59, 42701
What are the prime factors of 1871064021?
3, 29, 21506483
List the prime factors of 8161052.
2, 2040263
What are the prime factors of 93596819?
701, 133519
What are the prime factors of 6123016444?
2, 653, 2344187
List the prime factors